q + i - 33, 76*q - 74*q - 2*i = 14. What is the highest common factor of 206 and q?
2
Suppose 22 = -4*p - 2*d - 0*d, 5*d - 25 = 0. Let g = -5 - p. Suppose -3*v + 4*m = -156, -m + 45 = g*v - 2*v. What is the greatest common divisor of v and 12?
12
Let z = 196 + -196. Suppose 8*f - 2*l - 564 = 3*f, -2*f + 2*l + 228 = z. Calculate the greatest common divisor of 24 and f.
8
Let m(a) = a**2 + a - 4. Let w be m(-5). Let r = w + -6. Suppose r*k + 276 = 14*k. Calculate the greatest common divisor of k and 23.
23
Let b be 79 - (5 - 3) - -2. Let f = 108 - b. Suppose -f = -9*w + 25. Calculate the greatest common divisor of 2 and w.
2
Let x be (-23)/((32/(-176))/(-3*2/(-3))). Let n be (-2)/(-4) - 86/(-4). What is the greatest common divisor of n and x?
11
Let v = 89 + 32. Suppose -h + 4 - 10 = 0. Let f be (-62)/h - 2/(-3). What is the highest common divisor of f and v?
11
Let w = 23116 + -22619. Calculate the greatest common divisor of 2414 and w.
71
Let t be 27/5 - (-552)/345. What is the highest common divisor of t and 89?
1
Let x = 2526 - 2450. Let l(j) = 29*j**2 - 2*j + 9. Let q be l(-7). What is the highest common divisor of q and x?
76
Let r(x) = -13*x + 212. Let v be r(16). Suppose 2*b - h = 238, b - 4*b + v*h = -352. Calculate the highest common divisor of b and 48.
24
Let c be ((2 - 3) + -157)*1. Let u be 2/8 - c/8. Suppose u = 7*s - 92. Calculate the greatest common factor of s and 176.
16
Let h = -1977 - -3449. Calculate the greatest common factor of 23 and h.
23
Let q be ((-2)/(-4))/(1/44). Suppose -29*v + 27*v - 4*f + 74 = 0, -f = 5*v - 176. Suppose 317 = 2*m - v. Calculate the highest common factor of q and m.
22
Suppose -34*s - 8*s = -882. Suppose 0 = -p - 28*w + 24*w, -p + s = -3*w. What is the greatest common factor of p and 44?
4
Let w = 3176 + 8488. Calculate the highest common divisor of 27 and w.
27
Suppose -m + 696 = 2*q, 3*m - 35*q = -33*q + 2104. Calculate the greatest common factor of 17150 and m.
350
Let s(a) = -2*a**2 + a - 1. Let l(k) = -k**3 - 3*k**2 - 11*k - 12. Let u(g) = l(g) + 2*s(g). Let i be u(-6). What is the highest common divisor of 76 and i?
4
Let r be ((-56)/(-24))/(1/(-15)). Let p be ((-12)/10)/(r/2100). Calculate the greatest common divisor of p and 384.
24
Suppose 174914 = 68*x - 56830. Calculate the highest common divisor of x and 96.
48
Let u(c) = 5*c - 3. Let o be u(4). Suppose -4301 = 62*a - 85*a. What is the greatest common factor of a and o?
17
Let i be 0 - (-2)/2 - -20. Suppose -17*l = -i*l + 64. Let z(k) = -9*k + 5. Let r be z(-19). Calculate the highest common divisor of r and l.
16
Let q be ((-4)/2)/(4/(-56)). Suppose -9*g - q = -5*g. Let y be (-214)/g - 24/(-56). Calculate the greatest common divisor of y and 217.
31
Suppose 30*o + 2*o - 256 = 0. Let p be (571 + (-8)/o)*(-1)/(-2). What is the highest common divisor of p and 57?
57
Suppose 44813 - 7702 = 20*h - 16369. Calculate the greatest common divisor of 224 and h.
14
Let k(p) = -p + 6. Let v be k(-6). Let i = 2235 - 2217. What is the highest common divisor of v and i?
6
Let l be 4/(-12)*-24 - 4. Suppose l*k + 4 = -3*x, x = 2*k - 4*x - 24. Calculate the greatest common divisor of k and 9.
1
Suppose 3*j = 2*j - 0*j. Suppose 0 = -4*f + 2*g + 352 + 30, j = -f - 3*g + 99. What is the greatest common factor of 18 and f?
6
Let d(z) = -23*z + 173. Let r be d(-5). Suppose 0 = -20*q + 8*q + r. Calculate the greatest common factor of 36 and q.
12
Let u(b) = 4313*b**2 - 13*b - 5. Let q be u(-1). What is the highest common divisor of q and 58?
29
Suppose -302 = 14*v + 146. Let z be (-2)/(v/(-18) + -2). What is the highest common factor of z and 15?
3
Let b = -12478 - -12488. Let k = -6 - -11. What is the greatest common factor of k and b?
5
Let n be 7/((-7)/(-36)) - 2. Suppose 6*b - 1536 = 3*b - r, 2*r = 5*b - 2538. What is the greatest common factor of n and b?
34
Let r(a) = a**3 + 5*a**2 - 2*a - 2. Let q be r(-5). Suppose -44*c + 1939 = 59*c - 533. What is the highest common factor of q and c?
8
Let w = -2 + 6. Let b be (8/10)/(w/10). Suppose 5*c + 2*y - 1091 = 0, 5*y - 84 + 503 = b*c. What is the greatest common divisor of c and 31?
31
Let f = 814 + -1196. Let z = 207 + f. Let v = z - -273. What is the highest common factor of 14 and v?
14
Let s(k) = -4*k**3 - 96*k**2 + 12*k + 360. Let z be s(-24). What is the highest common divisor of 94 and z?
2
Suppose -5*a + 21475 = 5*s, -2*s - 4*a + 6793 = -1783. What is the highest common divisor of 36 and s?
18
Let m(x) = 39*x**2 - 117*x + 238. Let n be m(2). What is the highest common divisor of 1024 and n?
32
Let x be (((-2520)/32)/21)/(21/(-56)). What is the greatest common factor of x and 2110?
10
Let p = -3670 - -3880. What is the greatest common factor of p and 7420?
70
Suppose 50 = 4*c + 14. Let b(f) = 7*f**2 + 97*f + 4. Let z be b(-14). Calculate the greatest common factor of c and z.
9
Let w(f) = f**2 + 28*f + 56. Let s be w(-26). Suppose 0 = -s*m - 148 + 236. Calculate the highest common divisor of m and 143.
11
Let b be 39/((6/95)/((-1936)/(-1210))). What is the highest common factor of 299 and b?
13
Suppose -2*r + 11 = 1. Suppose -655 = -5*s + 5*v, -r*v = 3*s - s - 297. What is the highest common factor of s and 17?
17
Let y(d) = -30*d + 361. Let f be y(11). What is the highest common factor of f and 1?
1
Let t = -6262 + 7758. What is the highest common factor of 176 and t?
88
Suppose -r = -7*j + 6*j - 167, 4*r = -5*j + 695. Calculate the highest common factor of 102 and r.
34
Let w be 22736/42 + 2/3. Let b = w + -488. Suppose -3*j = -13 - 5. Calculate the highest common factor of j and b.
6
Let d be (-8 - 74/(-4))*(-8)/(-14). Let i(s) = 6*s**3 - 12*s**2 + 23*s - 18. Let m be i(d). Calculate the highest common factor of 82 and m.
82
Let w = 37 - 34. Suppose 0 = -3*n + 4*n - w, 5*g - 227 = n. Suppose -8*i + 69 = -5*i. Calculate the greatest common divisor of g and i.
23
Let f(n) = -3*n - 66. Let s be f(-22). Suppose -3*t + i + 46 = s, -5*t - i + 4*i = -82. Calculate the greatest common factor of 2 and t.
2
Let j be -18*1/(-2)*(-274)/6. Let k = j + 420. What is the greatest common factor of k and 9?
9
Suppose -2*m - 10 = -3*m - 3*w, m = -2*w + 6. Let s be m/3 + (-623)/(-3). Let p = -42316 - -42339. What is the greatest common factor of p and s?
23
Let c = -3003 + 3084. Calculate the highest common factor of c and 423.
9
Let y = -3759 - -3802. What is the greatest common divisor of 5461 and y?
43
Suppose -z = 4*z - 10. Suppose 0 = 69*k - 1015 + 49. Calculate the greatest common divisor of z and k.
2
Suppose v - 15260 = -2*h, 54*h - 38150 = 49*h + 4*v. Calculate the greatest common divisor of 70 and h.
70
Suppose -i + 4*i = -3*d + 339, 196 = 2*i - 4*d. Suppose 3*y = 23*b - 26*b + i, -y + b = -30. What is the highest common factor of y and 22?
11
Suppose -5*q = 5*v - 300, -2*q - 3*v + 5*v + 140 = 0. Let s be (-1 - 0)/((-5)/q). Calculate the highest common divisor of s and 169.
13
Let z(i) = 0 - 40*i + 12 - 42*i + 134*i - 42*i + i**2. Let m(l) = l**3 + l. Let u be m(-2). Let b be z(u). What is the highest common divisor of 84 and b?
12
Let q(w) = w**2 - 87*w + 497. Let s be q(6). Let r(a) = -a**3 + 6*a**2 - 3*a + 4. Let x be r(3). What is the highest common factor of s and x?
11
Let g(h) = 4*h + 11. Let n be g(-4). Let b be (-6)/45*n + (-86)/(-6). What is the highest common factor of 120 and b?
15
Let y be (((-3276)/(-27))/14)/2*3. What is the highest common factor of y and 65?
13
Let b be (6 + (-2 - 2))*2. Suppose -b*v + 0*v = -564. Let o = v + -50. What is the highest common factor of 13 and o?
13
Let p = 36 + -35. Let t be p - 3 - (-32)/16. Suppose -i = 2*k - 64, i + t*k - 49 = k. Calculate the highest common divisor of 81 and i.
27
Let g be (-1 - 141/(-6))*(185 + -25). Calculate the greatest common divisor of 140 and g.
20
Suppose 527 = -3*m - 526. Let b = -319 - m. Calculate the greatest common divisor of 112 and b.
16
Let d be (2 - (-1 - 2))*(10 + (-123)/(-15)). What is the highest common divisor of 338 and d?
13
Let h be -1*(-4 - -5)*0. Let x be 5 + 189/3 - h. What is the greatest common divisor of x and 476?
68
Suppose 7*m - 90 = 10*m. Let k be (-12628)/(-210) - (-4)/m. Suppose -f = -13 + 1. Calculate the greatest common divisor of f and k.
12
Let l(p) = p**2 + 8*p + 7. Let i be -1*5 - (17 + -8). Le